{"id":4,"date":"2020-11-09T23:30:45","date_gmt":"2020-11-09T23:30:45","guid":{"rendered":"https:\/\/startertemplatecloud.com\/g01\/?page_id=4"},"modified":"2025-02-18T15:11:19","modified_gmt":"2025-02-18T15:11:19","slug":"home","status":"publish","type":"page","link":"https:\/\/www.riggenkalmar.se\/","title":{"rendered":"Hem"},"content":{"rendered":"<style>.kb-row-layout-id4_12256b-db > .kt-row-column-wrap{align-content:end;}:where(.kb-row-layout-id4_12256b-db > .kt-row-column-wrap) > .wp-block-kadence-column{justify-content:end;}.kb-row-layout-id4_12256b-db > .kt-row-column-wrap{column-gap:var(--global-kb-gap-lg, 4rem);row-gap:var(--global-kb-gap-lg, 4rem);max-width:var( --global-content-width, 1290px );padding-left:var(--global-content-edge-padding);padding-right:var(--global-content-edge-padding);padding-top:var(--global-kb-spacing-sm, 1.5rem);padding-bottom:var(--global-kb-spacing-sm, 1.5rem);min-height:750px;grid-template-columns:repeat(2, minmax(0, 1fr));}.kb-row-layout-id4_12256b-db{background-image:url('http:\/\/www.riggenkalmar.se\/wp-content\/uploads\/2024\/03\/brf_riggen1-1.jpg');background-size:cover;background-position:46% 66%;background-attachment:scroll;background-repeat:no-repeat;}.kb-row-layout-id4_12256b-db > .kt-row-layout-overlay{opacity:0.70;background-color:var(--global-palette3, #1A202C);}.kb-row-layout-id4_12256b-db ,.kb-row-layout-id4_12256b-db h1,.kb-row-layout-id4_12256b-db h2,.kb-row-layout-id4_12256b-db h3,.kb-row-layout-id4_12256b-db h4,.kb-row-layout-id4_12256b-db h5,.kb-row-layout-id4_12256b-db h6{color:var(--global-palette9, #ffffff);}@media all and (max-width: 1024px){.kb-row-layout-id4_12256b-db > .kt-row-column-wrap{min-height:650px;grid-template-columns:repeat(2, minmax(0, 1fr));}}@media all and (max-width: 767px){.kb-row-layout-id4_12256b-db > .kt-row-column-wrap{padding-top:180px;min-height:400px;grid-template-columns:minmax(0, 1fr);}}<\/style><div class=\"kb-row-layout-wrap kb-row-layout-id4_12256b-db alignnone kt-row-has-bg wp-block-kadence-rowlayout\"><div class=\"kt-row-layout-overlay kt-row-overlay-normal\"><\/div><div class=\"kt-row-column-wrap kt-has-2-columns kt-row-layout-equal kt-tab-layout-inherit kt-mobile-layout-row kt-row-valign-bottom kb-theme-content-width\">\n<style>.kadence-column4_002ab4-6b > .kt-inside-inner-col,.kadence-column4_002ab4-6b > .kt-inside-inner-col:before{border-top-left-radius:0px;border-top-right-radius:0px;border-bottom-right-radius:0px;border-bottom-left-radius:0px;}.kadence-column4_002ab4-6b > .kt-inside-inner-col{column-gap:var(--global-kb-gap-sm, 1rem);}.kadence-column4_002ab4-6b > .kt-inside-inner-col{flex-direction:column;}.kadence-column4_002ab4-6b > .kt-inside-inner-col > .aligncenter{width:100%;}.kadence-column4_002ab4-6b > .kt-inside-inner-col:before{opacity:0.3;}.kadence-column4_002ab4-6b{position:relative;}@media all and (max-width: 1024px){.kadence-column4_002ab4-6b > .kt-inside-inner-col{flex-direction:column;justify-content:center;}}@media all and (max-width: 767px){.kadence-column4_002ab4-6b > .kt-inside-inner-col{flex-direction:column;justify-content:center;}}<\/style>\n<div class=\"wp-block-kadence-column kadence-column4_002ab4-6b inner-column-1\"><div class=\"kt-inside-inner-col\"><style>.wp-block-kadence-advancedheading.kt-adv-heading4_4a4a16-f3, .wp-block-kadence-advancedheading.kt-adv-heading4_4a4a16-f3[data-kb-block=\"kb-adv-heading4_4a4a16-f3\"]{font-size:65px;line-height:1.1em;font-style:normal;}.wp-block-kadence-advancedheading.kt-adv-heading4_4a4a16-f3 mark.kt-highlight, .wp-block-kadence-advancedheading.kt-adv-heading4_4a4a16-f3[data-kb-block=\"kb-adv-heading4_4a4a16-f3\"] mark.kt-highlight{font-style:normal;color:#f76a0c;-webkit-box-decoration-break:clone;box-decoration-break:clone;padding-top:0px;padding-right:0px;padding-bottom:0px;padding-left:0px;}.wp-block-kadence-advancedheading.kt-adv-heading4_4a4a16-f3 img.kb-inline-image, .wp-block-kadence-advancedheading.kt-adv-heading4_4a4a16-f3[data-kb-block=\"kb-adv-heading4_4a4a16-f3\"] img.kb-inline-image{width:150px;vertical-align:baseline;}@media all and (max-width: 1024px){.wp-block-kadence-advancedheading.kt-adv-heading4_4a4a16-f3, .wp-block-kadence-advancedheading.kt-adv-heading4_4a4a16-f3[data-kb-block=\"kb-adv-heading4_4a4a16-f3\"]{font-size:45px;}}@media all and (max-width: 767px){.wp-block-kadence-advancedheading.kt-adv-heading4_4a4a16-f3, .wp-block-kadence-advancedheading.kt-adv-heading4_4a4a16-f3[data-kb-block=\"kb-adv-heading4_4a4a16-f3\"]{font-size:35px;}}<\/style>\n<h2 class=\"kt-adv-heading4_4a4a16-f3 wp-block-kadence-advancedheading has-theme-palette-9-color has-text-color\" data-kb-block=\"kb-adv-heading4_4a4a16-f3\">V\u00e4lkomna till Brf Riggen 1 i Kalmar.<\/h2>\n\n\n<style>.wp-block-kadence-advancedheading.kt-adv-heading4_178cf1-2b, .wp-block-kadence-advancedheading.kt-adv-heading4_178cf1-2b[data-kb-block=\"kb-adv-heading4_178cf1-2b\"]{font-style:normal;font-family:var( --global-heading-font-family, inherit );}.wp-block-kadence-advancedheading.kt-adv-heading4_178cf1-2b mark.kt-highlight, .wp-block-kadence-advancedheading.kt-adv-heading4_178cf1-2b[data-kb-block=\"kb-adv-heading4_178cf1-2b\"] mark.kt-highlight{font-style:normal;color:#f76a0c;-webkit-box-decoration-break:clone;box-decoration-break:clone;padding-top:0px;padding-right:0px;padding-bottom:0px;padding-left:0px;}.wp-block-kadence-advancedheading.kt-adv-heading4_178cf1-2b img.kb-inline-image, .wp-block-kadence-advancedheading.kt-adv-heading4_178cf1-2b[data-kb-block=\"kb-adv-heading4_178cf1-2b\"] img.kb-inline-image{width:150px;vertical-align:baseline;}<\/style>\n<p class=\"kt-adv-heading4_178cf1-2b wp-block-kadence-advancedheading\" data-kb-block=\"kb-adv-heading4_178cf1-2b\">F\u00f6reningen omfattar 59 l\u00e4genheter f\u00f6rdelade p\u00e5 fem olika huskroppar som hade inflyttning under h\u00f6sten 2017 fram till januari 2018.<\/p>\n\n\n<style>.wp-block-kadence-advancedbtn.kt-btns4_755c97-da, .site .entry-content .wp-block-kadence-advancedbtn.kt-btns4_755c97-da, .wp-block-kadence-advancedbtn.kb-btns4_755c97-da, .site .entry-content .wp-block-kadence-advancedbtn.kb-btns4_755c97-da{margin-top:30px;margin-right:0px;margin-bottom:30px;margin-left:0px;}.wp-block-kadence-advancedbtn.kb-btns4_755c97-da{gap:var(--global-kb-gap-xs, 0.5rem );justify-content:flex-start;align-items:center;}.kt-btns4_755c97-da .kt-button{font-weight:normal;font-style:normal;}@media all and (max-width: 767px){.wp-block-kadence-advancedbtn.kt-btns4_755c97-da, .site .entry-content .wp-block-kadence-advancedbtn.kt-btns4_755c97-da, .wp-block-kadence-advancedbtn.kb-btns4_755c97-da, .site .entry-content .wp-block-kadence-advancedbtn.kb-btns4_755c97-da{margin-top:40px;margin-right:0px;margin-bottom:0px;margin-left:0px;}}<\/style>\n<div class=\"wp-block-kadence-advancedbtn kb-buttons-wrap kb-btns4_755c97-da\"><style>ul.menu .wp-block-kadence-advancedbtn .kb-btn4_b66f2d-bb.kb-button{width:initial;}.wp-block-kadence-advancedbtn .kb-btn4_b66f2d-bb.kb-button{color:var(--global-palette9, #ffffff);background:var(--global-palette1, #3182CE);border-top:2px solid var(--global-palette1, #3182CE);border-right:2px solid var(--global-palette1, #3182CE);border-bottom:2px solid var(--global-palette1, #3182CE);border-left:2px solid var(--global-palette1, #3182CE);padding-top:10px;padding-right:15px;padding-bottom:10px;padding-left:15px;}.wp-block-kadence-advancedbtn .kb-btn4_b66f2d-bb.kb-button:hover, .wp-block-kadence-advancedbtn .kb-btn4_b66f2d-bb.kb-button:focus{color:var(--global-palette1, #3182CE);background:var(--global-palette9, #ffffff);border-top-color:var(--global-palette9, #ffffff);border-top-style:solid;border-right-color:var(--global-palette9, #ffffff);border-right-style:solid;border-bottom-color:var(--global-palette9, #ffffff);border-bottom-style:solid;border-left-color:var(--global-palette9, #ffffff);border-left-style:solid;}@media all and (max-width: 1024px){.wp-block-kadence-advancedbtn .kb-btn4_b66f2d-bb.kb-button{border-top:2px solid var(--global-palette1, #3182CE);border-right:2px solid var(--global-palette1, #3182CE);border-bottom:2px solid var(--global-palette1, #3182CE);border-left:2px solid var(--global-palette1, #3182CE);}}@media all and (max-width: 1024px){.wp-block-kadence-advancedbtn .kb-btn4_b66f2d-bb.kb-button:hover, .wp-block-kadence-advancedbtn .kb-btn4_b66f2d-bb.kb-button:focus{border-top-color:var(--global-palette9, #ffffff);border-top-style:solid;border-right-color:var(--global-palette9, #ffffff);border-right-style:solid;border-bottom-color:var(--global-palette9, #ffffff);border-bottom-style:solid;border-left-color:var(--global-palette9, #ffffff);border-left-style:solid;}}@media all and (max-width: 767px){.wp-block-kadence-advancedbtn .kb-btn4_b66f2d-bb.kb-button{border-top:2px solid var(--global-palette1, #3182CE);border-right:2px solid var(--global-palette1, #3182CE);border-bottom:2px solid var(--global-palette1, #3182CE);border-left:2px solid var(--global-palette1, #3182CE);}.wp-block-kadence-advancedbtn .kb-btn4_b66f2d-bb.kb-button:hover, .wp-block-kadence-advancedbtn .kb-btn4_b66f2d-bb.kb-button:focus{border-top-color:var(--global-palette9, #ffffff);border-top-style:solid;border-right-color:var(--global-palette9, #ffffff);border-right-style:solid;border-bottom-color:var(--global-palette9, #ffffff);border-bottom-style:solid;border-left-color:var(--global-palette9, #ffffff);border-left-style:solid;}}<\/style><a class=\"kb-button kt-button button kb-btn4_b66f2d-bb kt-btn-size-standard kt-btn-width-type-auto kb-btn-global-outline  kt-btn-has-text-true kt-btn-has-svg-false  wp-block-kadence-singlebtn\" href=\"http:\/\/www.riggenkalmar.se\/?page_id=1455\"><span class=\"kt-btn-inner-text\">Kontakta oss<\/span><\/a><\/div>\n<\/div><\/div>\n\n\n<style>.kadence-column4_829441-45 > .kt-inside-inner-col,.kadence-column4_829441-45 > .kt-inside-inner-col:before{border-top-left-radius:0px;border-top-right-radius:0px;border-bottom-right-radius:0px;border-bottom-left-radius:0px;}.kadence-column4_829441-45 > .kt-inside-inner-col{column-gap:var(--global-kb-gap-sm, 1rem);}.kadence-column4_829441-45 > .kt-inside-inner-col{flex-direction:column;}.kadence-column4_829441-45 > .kt-inside-inner-col > .aligncenter{width:100%;}.kadence-column4_829441-45 > .kt-inside-inner-col:before{opacity:0.3;}.kadence-column4_829441-45{position:relative;}@media all and (max-width: 1024px){.kadence-column4_829441-45 > .kt-inside-inner-col{flex-direction:column;justify-content:center;}}@media all and (max-width: 767px){.kadence-column4_829441-45 > .kt-inside-inner-col{flex-direction:column;justify-content:center;}}<\/style>\n<div class=\"wp-block-kadence-column kadence-column4_829441-45\"><div class=\"kt-inside-inner-col\"><\/div><\/div>\n\n<\/div><\/div>\n\n<style>.kb-row-layout-wrap.wp-block-kadence-rowlayout.kb-row-layout-id4_4713da-19{margin-top:0px;margin-bottom:0px;}.kb-row-layout-id4_4713da-19 > .kt-row-column-wrap{align-content:start;}:where(.kb-row-layout-id4_4713da-19 > .kt-row-column-wrap) > .wp-block-kadence-column{justify-content:start;}.kb-row-layout-id4_4713da-19 > .kt-row-column-wrap{column-gap:var(--global-kb-gap-md, 2rem);row-gap:var(--global-kb-gap-md, 2rem);max-width:var( --global-content-width, 1290px );padding-left:var(--global-content-edge-padding);padding-right:var(--global-content-edge-padding);padding-top:90px;padding-bottom:90px;grid-template-columns:minmax(0, 1fr);}.kb-row-layout-id4_4713da-19 > .kt-row-layout-overlay{opacity:0.03;background-image:url('http:\/\/media1.riggenkalmar.se\/2020\/10\/bg_new.png');background-size:auto;background-position:0% 3%;background-attachment:scroll;background-repeat:repeat;}.kb-row-layout-id4_4713da-19 .kt-row-layout-bottom-sep{height:100px;}.kb-row-layout-id4_4713da-19 .kt-row-layout-bottom-sep svg{width:100%;}.kb-row-layout-id4_4713da-19 .kt-row-layout-bottom-sep svg{fill:#ffffff!important;}@media all and (max-width: 1024px){.kb-row-layout-id4_4713da-19 > .kt-row-column-wrap{grid-template-columns:minmax(0, 1fr);}}@media all and (max-width: 1024px){.kb-row-layout-id4_4713da-19 .kt-row-layout-bottom-sep{height:px;}}@media all and (max-width: 1024px){.kb-row-layout-id4_4713da-19 .kt-row-layout-bottom-sep svg{width:%;}}@media all and (max-width: 767px){.kb-row-layout-id4_4713da-19 > .kt-row-column-wrap{padding-top:50px;padding-bottom:50px;grid-template-columns:minmax(0, 1fr);}.kb-row-layout-id4_4713da-19 .kt-row-layout-bottom-sep{height:px;}.kb-row-layout-id4_4713da-19 .kt-row-layout-bottom-sep svg{width:%;}}<\/style><div class=\"kb-row-layout-wrap kb-row-layout-id4_4713da-19 alignnone has-theme-palette8-background-color kt-row-has-bg wp-block-kadence-rowlayout\"><div class=\"kt-row-layout-overlay kt-row-overlay-normal\"><\/div><div class=\"kt-row-column-wrap kt-has-1-columns kt-row-layout-equal kt-tab-layout-inherit kt-mobile-layout-row kt-row-valign-top kb-theme-content-width\">\n<style>.kadence-column4_91a014-fc > .kt-inside-inner-col,.kadence-column4_91a014-fc > .kt-inside-inner-col:before{border-top-left-radius:0px;border-top-right-radius:0px;border-bottom-right-radius:0px;border-bottom-left-radius:0px;}.kadence-column4_91a014-fc > .kt-inside-inner-col{column-gap:var(--global-kb-gap-sm, 1rem);}.kadence-column4_91a014-fc > .kt-inside-inner-col{flex-direction:column;}.kadence-column4_91a014-fc > .kt-inside-inner-col > .aligncenter{width:100%;}.kadence-column4_91a014-fc > .kt-inside-inner-col:before{opacity:0.3;}.kadence-column4_91a014-fc{position:relative;}@media all and (max-width: 1024px){.kadence-column4_91a014-fc > .kt-inside-inner-col{flex-direction:column;justify-content:center;}}@media all and (max-width: 767px){.kadence-column4_91a014-fc > .kt-inside-inner-col{flex-direction:column;justify-content:center;}}<\/style>\n<div class=\"wp-block-kadence-column kadence-column4_91a014-fc inner-column-1\"><div class=\"kt-inside-inner-col\"><style>.wp-block-kadence-advancedheading.kt-adv-heading4_a5071c-b0, .wp-block-kadence-advancedheading.kt-adv-heading4_a5071c-b0[data-kb-block=\"kb-adv-heading4_a5071c-b0\"]{font-size:14px;font-weight:400;font-style:normal;}.wp-block-kadence-advancedheading.kt-adv-heading4_a5071c-b0 mark.kt-highlight, .wp-block-kadence-advancedheading.kt-adv-heading4_a5071c-b0[data-kb-block=\"kb-adv-heading4_a5071c-b0\"] mark.kt-highlight{font-style:normal;color:#f76a0c;-webkit-box-decoration-break:clone;box-decoration-break:clone;padding-top:0px;padding-right:0px;padding-bottom:0px;padding-left:0px;}.wp-block-kadence-advancedheading.kt-adv-heading4_a5071c-b0 img.kb-inline-image, .wp-block-kadence-advancedheading.kt-adv-heading4_a5071c-b0[data-kb-block=\"kb-adv-heading4_a5071c-b0\"] img.kb-inline-image{width:150px;vertical-align:baseline;}<\/style>\n<h6 class=\"kt-adv-heading4_a5071c-b0 wp-block-kadence-advancedheading has-theme-palette-1-color has-text-color\" data-kb-block=\"kb-adv-heading4_a5071c-b0\">Vi hj\u00e4lper dig g\u00e4rna<\/h6>\n\n\n<style>.wp-block-kadence-advancedheading.kt-adv-heading4_a34232-eb, .wp-block-kadence-advancedheading.kt-adv-heading4_a34232-eb[data-kb-block=\"kb-adv-heading4_a34232-eb\"]{font-size:60px;font-style:normal;}.wp-block-kadence-advancedheading.kt-adv-heading4_a34232-eb mark.kt-highlight, .wp-block-kadence-advancedheading.kt-adv-heading4_a34232-eb[data-kb-block=\"kb-adv-heading4_a34232-eb\"] mark.kt-highlight{font-style:normal;color:#f76a0c;-webkit-box-decoration-break:clone;box-decoration-break:clone;padding-top:0px;padding-right:0px;padding-bottom:0px;padding-left:0px;}.wp-block-kadence-advancedheading.kt-adv-heading4_a34232-eb img.kb-inline-image, .wp-block-kadence-advancedheading.kt-adv-heading4_a34232-eb[data-kb-block=\"kb-adv-heading4_a34232-eb\"] img.kb-inline-image{width:150px;vertical-align:baseline;}@media all and (max-width: 1024px){.wp-block-kadence-advancedheading.kt-adv-heading4_a34232-eb, .wp-block-kadence-advancedheading.kt-adv-heading4_a34232-eb[data-kb-block=\"kb-adv-heading4_a34232-eb\"]{font-size:40px;}}@media all and (max-width: 767px){.wp-block-kadence-advancedheading.kt-adv-heading4_a34232-eb, .wp-block-kadence-advancedheading.kt-adv-heading4_a34232-eb[data-kb-block=\"kb-adv-heading4_a34232-eb\"]{font-size:40px;}}<\/style>\n<h2 class=\"kt-adv-heading4_a34232-eb wp-block-kadence-advancedheading\" data-kb-block=\"kb-adv-heading4_a34232-eb\">Vilken information<br>s\u00f6ker du?<\/h2>\n\n\n\n<p class=\"has-medium-font-size\"><\/p>\n\n\n\n<p><a href=\"http:\/\/www.riggenkalmar.se\/?page_id=1533\">Ansvar f\u00f6r fel och brister<\/a><\/p>\n\n\n\n<p><a href=\"http:\/\/www.riggenkalmar.se\/?page_id=1828\">Laddboxar<\/a><\/p>\n\n\n\n<p><a href=\"http:\/\/www.riggenkalmar.se\/?page_id=1819\">Solceller<\/a><\/p>\n\n\n\n<p><a href=\"http:\/\/www.riggenkalmar.se\/?page_id=1662\">Trivselregler<\/a><\/p>\n\n\n\n<p><a href=\"http:\/\/www.riggenkalmar.se\/?page_id=1686\">Uthyrning<\/a><\/p>\n\n\n\n<p><a href=\"http:\/\/www.riggenkalmar.se\/?page_id=1885\">Servicepartners<\/a><\/p>\n<\/div><\/div>\n\n<\/div><\/div>\n\n\n<p><\/p>\n","protected":false},"excerpt":{"rendered":"<p>V\u00e4lkomna till Brf Riggen 1 i Kalmar. F\u00f6reningen omfattar 59 l\u00e4genheter f\u00f6rdelade p\u00e5 fem olika huskroppar som hade inflyttning under h\u00f6sten 2017 fram till januari 2018. Vi hj\u00e4lper dig g\u00e4rna Vilken informations\u00f6ker du? Ansvar f\u00f6r fel och brister Laddboxar Solceller Trivselregler Uthyrning Servicepartners<\/p>\n","protected":false},"author":1,"featured_media":1578,"parent":0,"menu_order":-1,"comment_status":"closed","ping_status":"closed","template":"","meta":{"_kadence_starter_templates_imported_post":true,"_kad_post_transparent":"enable","_kad_post_title":"hide","_kad_post_layout":"fullwidth","_kad_post_sidebar_id":"","_kad_post_content_style":"unboxed","_kad_post_vertical_padding":"hide","_kad_post_feature":"","_kad_post_feature_position":"","_kad_post_header":false,"_kad_post_footer":false,"_kad_post_classname":"","footnotes":""},"class_list":["post-4","page","type-page","status-publish","has-post-thumbnail","hentry"],"_links":{"self":[{"href":"https:\/\/www.riggenkalmar.se\/index.php?rest_route=\/wp\/v2\/pages\/4","targetHints":{"allow":["GET"]}}],"collection":[{"href":"https:\/\/www.riggenkalmar.se\/index.php?rest_route=\/wp\/v2\/pages"}],"about":[{"href":"https:\/\/www.riggenkalmar.se\/index.php?rest_route=\/wp\/v2\/types\/page"}],"author":[{"embeddable":true,"href":"https:\/\/www.riggenkalmar.se\/index.php?rest_route=\/wp\/v2\/users\/1"}],"replies":[{"embeddable":true,"href":"https:\/\/www.riggenkalmar.se\/index.php?rest_route=%2Fwp%2Fv2%2Fcomments&post=4"}],"version-history":[{"count":64,"href":"https:\/\/www.riggenkalmar.se\/index.php?rest_route=\/wp\/v2\/pages\/4\/revisions"}],"predecessor-version":[{"id":1919,"href":"https:\/\/www.riggenkalmar.se\/index.php?rest_route=\/wp\/v2\/pages\/4\/revisions\/1919"}],"wp:featuredmedia":[{"embeddable":true,"href":"https:\/\/www.riggenkalmar.se\/index.php?rest_route=\/wp\/v2\/media\/1578"}],"wp:attachment":[{"href":"https:\/\/www.riggenkalmar.se\/index.php?rest_route=%2Fwp%2Fv2%2Fmedia&parent=4"}],"curies":[{"name":"wp","href":"https:\/\/api.w.org\/{rel}","templated":true}]}}