{"id":1885,"date":"2024-12-04T07:15:40","date_gmt":"2024-12-04T07:15:40","guid":{"rendered":"http:\/\/www.riggenkalmar.se\/?page_id=1885"},"modified":"2025-08-19T12:39:28","modified_gmt":"2025-08-19T12:39:28","slug":"ansvar-for-fel-och-brister","status":"publish","type":"page","link":"https:\/\/www.riggenkalmar.se\/?page_id=1885","title":{"rendered":"Servicepartners"},"content":{"rendered":"<style>.kb-row-layout-id1885_c6937e-17 > .kt-row-column-wrap{align-content:start;}:where(.kb-row-layout-id1885_c6937e-17 > .kt-row-column-wrap) > .wp-block-kadence-column{justify-content:start;}.kb-row-layout-id1885_c6937e-17 > .kt-row-column-wrap{column-gap:var(--global-kb-gap-md, 2rem);row-gap:var(--global-kb-gap-md, 2rem);max-width:var( --global-content-width, 1290px );padding-left:var(--global-content-edge-padding);padding-right:var(--global-content-edge-padding);padding-top:225px;padding-bottom:25px;grid-template-columns:minmax(0, 1fr);}.kb-row-layout-id1885_c6937e-17{background-image:url('http:\/\/media1.riggenkalmar.se\/2024\/03\/brf_riggen1-1.jpg');background-size:cover;background-position:50% 42%;background-attachment:scroll;background-repeat:no-repeat;}.kb-row-layout-id1885_c6937e-17 > .kt-row-layout-overlay{opacity:0.55;background-color:#242d2d;}@media all and (max-width: 1024px){.kb-row-layout-id1885_c6937e-17 > .kt-row-column-wrap{grid-template-columns:minmax(0, 1fr);}}@media all and (max-width: 767px){.kb-row-layout-id1885_c6937e-17 > .kt-row-column-wrap{grid-template-columns:minmax(0, 1fr);}}<\/style><div class=\"kb-row-layout-wrap kb-row-layout-id1885_c6937e-17 alignnone kt-row-has-bg wp-block-kadence-rowlayout\"><div class=\"kt-row-layout-overlay kt-row-overlay-normal\"><\/div><div class=\"kt-row-column-wrap kt-has-1-columns kt-row-layout-equal kt-tab-layout-inherit kt-mobile-layout-row kt-row-valign-top kb-theme-content-width\">\n<style>.kadence-column1885_37a461-8c > .kt-inside-inner-col,.kadence-column1885_37a461-8c > .kt-inside-inner-col:before{border-top-left-radius:0px;border-top-right-radius:0px;border-bottom-right-radius:0px;border-bottom-left-radius:0px;}.kadence-column1885_37a461-8c > .kt-inside-inner-col{column-gap:var(--global-kb-gap-sm, 1rem);}.kadence-column1885_37a461-8c > .kt-inside-inner-col{flex-direction:column;}.kadence-column1885_37a461-8c > .kt-inside-inner-col > .aligncenter{width:100%;}.kadence-column1885_37a461-8c > .kt-inside-inner-col:before{opacity:0.3;}.kadence-column1885_37a461-8c{position:relative;}@media all and (max-width: 1024px){.kadence-column1885_37a461-8c > .kt-inside-inner-col{flex-direction:column;justify-content:center;}}@media all and (max-width: 767px){.kadence-column1885_37a461-8c > .kt-inside-inner-col{flex-direction:column;justify-content:center;}}<\/style>\n<div class=\"wp-block-kadence-column kadence-column1885_37a461-8c inner-column-1\"><div class=\"kt-inside-inner-col\"><style>.wp-block-kadence-advancedheading.kt-adv-heading1885_07905d-e2, .wp-block-kadence-advancedheading.kt-adv-heading1885_07905d-e2[data-kb-block=\"kb-adv-heading1885_07905d-e2\"]{font-size:65px;font-weight:700;font-style:normal;}.wp-block-kadence-advancedheading.kt-adv-heading1885_07905d-e2 mark.kt-highlight, .wp-block-kadence-advancedheading.kt-adv-heading1885_07905d-e2[data-kb-block=\"kb-adv-heading1885_07905d-e2\"] mark.kt-highlight{font-weight:normal;font-style:normal;color:#f76a0c;-webkit-box-decoration-break:clone;box-decoration-break:clone;padding-top:0px;padding-right:0px;padding-bottom:0px;padding-left:0px;}.wp-block-kadence-advancedheading.kt-adv-heading1885_07905d-e2 img.kb-inline-image, .wp-block-kadence-advancedheading.kt-adv-heading1885_07905d-e2[data-kb-block=\"kb-adv-heading1885_07905d-e2\"] img.kb-inline-image{width:150px;vertical-align:baseline;}@media all and (max-width: 1024px){.wp-block-kadence-advancedheading.kt-adv-heading1885_07905d-e2, .wp-block-kadence-advancedheading.kt-adv-heading1885_07905d-e2[data-kb-block=\"kb-adv-heading1885_07905d-e2\"]{font-size:45px;}}@media all and (max-width: 767px){.wp-block-kadence-advancedheading.kt-adv-heading1885_07905d-e2, .wp-block-kadence-advancedheading.kt-adv-heading1885_07905d-e2[data-kb-block=\"kb-adv-heading1885_07905d-e2\"]{font-size:35px;}}<\/style>\n<h1 class=\"kt-adv-heading1885_07905d-e2 wp-block-kadence-advancedheading has-theme-palette-9-color has-text-color\" data-kb-block=\"kb-adv-heading1885_07905d-e2\">Servicepartners<\/h1>\n<\/div><\/div>\n\n<\/div><\/div>\n\n<style>.kb-row-layout-id1885_b0e0dd-45 > .kt-row-column-wrap{align-content:start;}:where(.kb-row-layout-id1885_b0e0dd-45 > .kt-row-column-wrap) > .wp-block-kadence-column{justify-content:start;}.kb-row-layout-id1885_b0e0dd-45 > .kt-row-column-wrap{column-gap:var(--global-kb-gap-md, 2rem);row-gap:var(--global-kb-gap-md, 2rem);max-width:var( --global-content-width, 1290px );padding-left:var(--global-content-edge-padding);padding-right:var(--global-content-edge-padding);padding-top:85px;padding-bottom:25px;grid-template-columns:minmax(0, calc(65% - ((var(--global-kb-gap-md, 2rem) * 1 )\/2)))minmax(0, calc(35% - ((var(--global-kb-gap-md, 2rem) * 1 )\/2)));}.kb-row-layout-id1885_b0e0dd-45 > .kt-row-layout-overlay{opacity:0.30;}@media all and (max-width: 1024px){.kb-row-layout-id1885_b0e0dd-45 > .kt-row-column-wrap{grid-template-columns:minmax(0, 2fr) minmax(0, 1fr);}}@media all and (max-width: 767px){.kb-row-layout-id1885_b0e0dd-45 > .kt-row-column-wrap{grid-template-columns:minmax(0, 1fr);}}<\/style><div class=\"kb-row-layout-wrap kb-row-layout-id1885_b0e0dd-45 alignnone wp-block-kadence-rowlayout\"><div class=\"kt-row-column-wrap kt-has-2-columns kt-row-layout-left-golden kt-tab-layout-inherit kt-mobile-layout-row kt-row-valign-top kt-inner-column-height-full kb-theme-content-width\">\n<style>.kadence-column1885_069d27-3a > .kt-inside-inner-col,.kadence-column1885_069d27-3a > .kt-inside-inner-col:before{border-top-left-radius:0px;border-top-right-radius:0px;border-bottom-right-radius:0px;border-bottom-left-radius:0px;}.kadence-column1885_069d27-3a > .kt-inside-inner-col{column-gap:var(--global-kb-gap-sm, 1rem);}.kadence-column1885_069d27-3a > .kt-inside-inner-col{flex-direction:column;}.kadence-column1885_069d27-3a > .kt-inside-inner-col > .aligncenter{width:100%;}.kadence-column1885_069d27-3a > .kt-inside-inner-col:before{opacity:0.3;}.kadence-column1885_069d27-3a{position:relative;}@media all and (max-width: 1024px){.kadence-column1885_069d27-3a > .kt-inside-inner-col{flex-direction:column;justify-content:center;}}@media all and (max-width: 767px){.kadence-column1885_069d27-3a > .kt-inside-inner-col{flex-direction:column;justify-content:center;}}<\/style>\n<div class=\"wp-block-kadence-column kadence-column1885_069d27-3a inner-column-1\"><div class=\"kt-inside-inner-col\">\n<h3 class=\"wp-block-heading\">Kontakter f\u00f6r l\u00e4genhetsrelaterad eller privat best\u00e4llning av arbete<\/h3>\n\n\n\n<p><strong>Vitvaror<\/strong><br>Service Specialisten, Nybro<br>Mikael Samuelsson &#8211; 0481-12583 \/ 0706-706806<br><a href=\"mailto:servicespec.mikael@telia.com\">servicespec.mikael@telia.com<\/a><\/p>\n\n\n\n<p><strong>Laddboxar<\/strong><br>Best\u00e4llning av nya boxar eller service:<br>Bravida<br>Martin Thuresson &#8211; 0708-528525<br><a href=\"mailto:martin.thuresson@bravida.se\">martin.thuresson@bravida.se<\/a><\/p>\n\n\n\n<p>Servicetekniker<br>Tommy &#8211; 0733-427344<\/p>\n\n\n\n<p><strong>Elfr\u00e5gor<\/strong><br>Energy Balance<br>Pontus Haglund &#8211; 079-1421301<br><a href=\"mailto:pontus.haglund@energybalance.se\">pontus.haglund@energybalance.se<\/a><\/p>\n\n\n\n<p><strong>Spolning och rensning avlopp<\/strong><br>Molins &#8211; 0480-10 000 (jour dygnet runt). Vid stopp i avloppsstammar m\u00e5ste Molins kontakta f\u00f6reningen.<\/p>\n\n\n\n<p><strong>Nycklar och taggar<\/strong><br>Kontakta styrelsen omg\u00e5ende p\u00e5 info@riggenkalmar.se om du tappat en nyckel eller tagg s\u00e5 f\u00e5r du hj\u00e4lp med att best\u00e4lla ny.  <\/p>\n\n\n\n<p><br><br><br><\/p>\n<\/div><\/div>\n\n\n<style>.kadence-column1885_802b30-40 > .kt-inside-inner-col{padding-left:30px;}.kadence-column1885_802b30-40 > .kt-inside-inner-col{border-left:1px solid var(--global-palette6, #718096);}.kadence-column1885_802b30-40 > .kt-inside-inner-col,.kadence-column1885_802b30-40 > .kt-inside-inner-col:before{border-top-left-radius:0px;border-top-right-radius:0px;border-bottom-right-radius:0px;border-bottom-left-radius:0px;}.kadence-column1885_802b30-40 > .kt-inside-inner-col{column-gap:var(--global-kb-gap-sm, 1rem);}.kadence-column1885_802b30-40 > .kt-inside-inner-col{flex-direction:column;}.kadence-column1885_802b30-40 > .kt-inside-inner-col > .aligncenter{width:100%;}.kadence-column1885_802b30-40 > .kt-inside-inner-col:before{opacity:0.3;}.kadence-column1885_802b30-40 a{color:var(--global-palette4, #2D3748);}.kadence-column1885_802b30-40 a:hover{color:var(--global-palette1, #3182CE);}.kadence-column1885_802b30-40{position:relative;}@media all and (max-width: 1024px){.kadence-column1885_802b30-40 > .kt-inside-inner-col{border-left:1px solid var(--global-palette6, #718096);flex-direction:column;justify-content:center;}}@media all and (max-width: 767px){.kadence-column1885_802b30-40 > .kt-inside-inner-col{border-left:1px solid var(--global-palette6, #718096);flex-direction:column;justify-content:center;}}<\/style>\n<div class=\"wp-block-kadence-column kadence-column1885_802b30-40 inner-column-2\"><div class=\"kt-inside-inner-col\"><style>.kb-row-layout-id1885_e27bd1-83 > .kt-row-column-wrap{align-content:start;}:where(.kb-row-layout-id1885_e27bd1-83 > .kt-row-column-wrap) > .wp-block-kadence-column{justify-content:start;}.kb-row-layout-id1885_e27bd1-83 > .kt-row-column-wrap{column-gap:var(--global-kb-gap-md, 2rem);row-gap:var(--global-kb-gap-md, 2rem);padding-top:0px;padding-bottom:0px;grid-template-columns:minmax(0, 1fr);}.kb-row-layout-id1885_e27bd1-83 > .kt-row-layout-overlay{opacity:0.30;}@media all and (max-width: 1024px){.kb-row-layout-id1885_e27bd1-83 > .kt-row-column-wrap{grid-template-columns:minmax(0, 1fr);}}@media all and (max-width: 767px){.kb-row-layout-id1885_e27bd1-83 > .kt-row-column-wrap{grid-template-columns:minmax(0, 1fr);}}<\/style><div class=\"kb-row-layout-wrap kb-row-layout-id1885_e27bd1-83 alignnone wp-block-kadence-rowlayout\"><div class=\"kt-row-column-wrap kt-has-1-columns kt-row-layout-equal kt-tab-layout-inherit kt-mobile-layout-row kt-row-valign-top\">\n<style>.kadence-column1885_399d02-eb > .kt-inside-inner-col{padding-top:20px;padding-right:30px;padding-bottom:20px;padding-left:30px;}.kadence-column1885_399d02-eb > .kt-inside-inner-col,.kadence-column1885_399d02-eb > .kt-inside-inner-col:before{border-top-left-radius:0px;border-top-right-radius:0px;border-bottom-right-radius:0px;border-bottom-left-radius:0px;}.kadence-column1885_399d02-eb > .kt-inside-inner-col{column-gap:var(--global-kb-gap-sm, 1rem);}.kadence-column1885_399d02-eb > .kt-inside-inner-col{flex-direction:column;}.kadence-column1885_399d02-eb > .kt-inside-inner-col > .aligncenter{width:100%;}.kadence-column1885_399d02-eb > .kt-inside-inner-col{background-color:var(--global-palette8, #F7FAFC);}.kadence-column1885_399d02-eb > .kt-inside-inner-col:before{opacity:0.3;}.kadence-column1885_399d02-eb{position:relative;}@media all and (max-width: 1024px){.kadence-column1885_399d02-eb > .kt-inside-inner-col{flex-direction:column;justify-content:center;}}@media all and (max-width: 767px){.kadence-column1885_399d02-eb > .kt-inside-inner-col{flex-direction:column;justify-content:center;}}<\/style>\n<div class=\"wp-block-kadence-column kadence-column1885_399d02-eb\"><div class=\"kt-inside-inner-col\">\n<h3 class=\"wp-block-heading\">Kontakta oss<\/h3>\n\n\n\n<p>Brf Riggen<br>Utrustningskajen 11<br>392 51 Kalmar<\/p>\n\n\n\n<p><a href=\"mailto:info@riggenkalmar.se\">info@riggenkalmar.se<\/a><\/p>\n<\/div><\/div>\n\n<\/div><\/div><\/div><\/div>\n\n<\/div><\/div>","protected":false},"excerpt":{"rendered":"<p>Servicepartners Kontakter f\u00f6r l\u00e4genhetsrelaterad eller privat best\u00e4llning av arbete VitvarorService Specialisten, NybroMikael Samuelsson &#8211; 0481-12583 \/ 0706-706806servicespec.mikael@telia.com LaddboxarBest\u00e4llning av nya boxar eller service:BravidaMartin Thuresson &#8211; 0708-528525martin.thuresson@bravida.se ServiceteknikerTommy &#8211; 0733-427344 Elfr\u00e5gorEnergy BalancePontus Haglund &#8211; 079-1421301pontus.haglund@energybalance.se Spolning och rensning avloppMolins &#8211; 0480-10 000 (jour dygnet runt). Vid stopp i avloppsstammar m\u00e5ste Molins kontakta f\u00f6reningen. Nycklar och taggarKontakta&#8230;<\/p>\n","protected":false},"author":1,"featured_media":1567,"parent":0,"menu_order":0,"comment_status":"closed","ping_status":"closed","template":"","meta":{"_kadence_starter_templates_imported_post":true,"_kad_post_transparent":"enable","_kad_post_title":"hide","_kad_post_layout":"fullwidth","_kad_post_sidebar_id":"","_kad_post_content_style":"unboxed","_kad_post_vertical_padding":"hide","_kad_post_feature":"","_kad_post_feature_position":"","_kad_post_header":false,"_kad_post_footer":false,"_kad_post_classname":"","footnotes":""},"class_list":["post-1885","page","type-page","status-publish","has-post-thumbnail","hentry"],"_links":{"self":[{"href":"https:\/\/www.riggenkalmar.se\/index.php?rest_route=\/wp\/v2\/pages\/1885","targetHints":{"allow":["GET"]}}],"collection":[{"href":"https:\/\/www.riggenkalmar.se\/index.php?rest_route=\/wp\/v2\/pages"}],"about":[{"href":"https:\/\/www.riggenkalmar.se\/index.php?rest_route=\/wp\/v2\/types\/page"}],"author":[{"embeddable":true,"href":"https:\/\/www.riggenkalmar.se\/index.php?rest_route=\/wp\/v2\/users\/1"}],"replies":[{"embeddable":true,"href":"https:\/\/www.riggenkalmar.se\/index.php?rest_route=%2Fwp%2Fv2%2Fcomments&post=1885"}],"version-history":[{"count":9,"href":"https:\/\/www.riggenkalmar.se\/index.php?rest_route=\/wp\/v2\/pages\/1885\/revisions"}],"predecessor-version":[{"id":2002,"href":"https:\/\/www.riggenkalmar.se\/index.php?rest_route=\/wp\/v2\/pages\/1885\/revisions\/2002"}],"wp:featuredmedia":[{"embeddable":true,"href":"https:\/\/www.riggenkalmar.se\/index.php?rest_route=\/wp\/v2\/media\/1567"}],"wp:attachment":[{"href":"https:\/\/www.riggenkalmar.se\/index.php?rest_route=%2Fwp%2Fv2%2Fmedia&parent=1885"}],"curies":[{"name":"wp","href":"https:\/\/api.w.org\/{rel}","templated":true}]}}