{"id":1381,"date":"2020-11-11T23:37:13","date_gmt":"2020-11-11T23:37:13","guid":{"rendered":"https:\/\/startertemplatecloud.com\/g01\/?page_id=1381"},"modified":"2025-02-18T15:12:06","modified_gmt":"2025-02-18T15:12:06","slug":"boende","status":"publish","type":"page","link":"https:\/\/www.riggenkalmar.se\/?page_id=1381","title":{"rendered":"Boende"},"content":{"rendered":"<style>.kb-row-layout-id1381_f52181-7d > .kt-row-column-wrap{align-content:start;}:where(.kb-row-layout-id1381_f52181-7d > .kt-row-column-wrap) > .wp-block-kadence-column{justify-content:start;}.kb-row-layout-id1381_f52181-7d > .kt-row-column-wrap{column-gap:var(--global-kb-gap-md, 2rem);row-gap:var(--global-kb-gap-md, 2rem);max-width:var( --global-content-width, 1290px );padding-left:var(--global-content-edge-padding);padding-right:var(--global-content-edge-padding);padding-top:225px;padding-bottom:25px;grid-template-columns:minmax(0, 1fr);}.kb-row-layout-id1381_f52181-7d{background-image:url('http:\/\/media1.riggenkalmar.se\/2024\/03\/brf_riggen1-1.jpg');background-size:cover;background-position:50% 42%;background-attachment:scroll;background-repeat:no-repeat;}.kb-row-layout-id1381_f52181-7d > .kt-row-layout-overlay{opacity:0.55;background-color:#242d2d;}@media all and (max-width: 1024px){.kb-row-layout-id1381_f52181-7d > .kt-row-column-wrap{grid-template-columns:minmax(0, 1fr);}}@media all and (max-width: 767px){.kb-row-layout-id1381_f52181-7d > .kt-row-column-wrap{grid-template-columns:minmax(0, 1fr);}}<\/style><div class=\"kb-row-layout-wrap kb-row-layout-id1381_f52181-7d alignnone kt-row-has-bg wp-block-kadence-rowlayout\"><div class=\"kt-row-layout-overlay kt-row-overlay-normal\"><\/div><div class=\"kt-row-column-wrap kt-has-1-columns kt-row-layout-equal kt-tab-layout-inherit kt-mobile-layout-row kt-row-valign-top kb-theme-content-width\">\n<style>.kadence-column1381_4a2ea8-e5 > .kt-inside-inner-col,.kadence-column1381_4a2ea8-e5 > .kt-inside-inner-col:before{border-top-left-radius:0px;border-top-right-radius:0px;border-bottom-right-radius:0px;border-bottom-left-radius:0px;}.kadence-column1381_4a2ea8-e5 > .kt-inside-inner-col{column-gap:var(--global-kb-gap-sm, 1rem);}.kadence-column1381_4a2ea8-e5 > .kt-inside-inner-col{flex-direction:column;}.kadence-column1381_4a2ea8-e5 > .kt-inside-inner-col > .aligncenter{width:100%;}.kadence-column1381_4a2ea8-e5 > .kt-inside-inner-col:before{opacity:0.3;}.kadence-column1381_4a2ea8-e5{position:relative;}@media all and (max-width: 1024px){.kadence-column1381_4a2ea8-e5 > .kt-inside-inner-col{flex-direction:column;justify-content:center;}}@media all and (max-width: 767px){.kadence-column1381_4a2ea8-e5 > .kt-inside-inner-col{flex-direction:column;justify-content:center;}}<\/style>\n<div class=\"wp-block-kadence-column kadence-column1381_4a2ea8-e5 inner-column-1\"><div class=\"kt-inside-inner-col\"><style>.wp-block-kadence-advancedheading.kt-adv-heading1381_9d7438-39, .wp-block-kadence-advancedheading.kt-adv-heading1381_9d7438-39[data-kb-block=\"kb-adv-heading1381_9d7438-39\"]{font-size:65px;font-weight:700;font-style:normal;color:#ffffff;}.wp-block-kadence-advancedheading.kt-adv-heading1381_9d7438-39 mark.kt-highlight, .wp-block-kadence-advancedheading.kt-adv-heading1381_9d7438-39[data-kb-block=\"kb-adv-heading1381_9d7438-39\"] mark.kt-highlight{font-weight:normal;font-style:normal;color:#f76a0c;-webkit-box-decoration-break:clone;box-decoration-break:clone;padding-top:0px;padding-right:0px;padding-bottom:0px;padding-left:0px;}.wp-block-kadence-advancedheading.kt-adv-heading1381_9d7438-39 img.kb-inline-image, .wp-block-kadence-advancedheading.kt-adv-heading1381_9d7438-39[data-kb-block=\"kb-adv-heading1381_9d7438-39\"] img.kb-inline-image{width:150px;vertical-align:baseline;}@media all and (max-width: 1024px){.wp-block-kadence-advancedheading.kt-adv-heading1381_9d7438-39, .wp-block-kadence-advancedheading.kt-adv-heading1381_9d7438-39[data-kb-block=\"kb-adv-heading1381_9d7438-39\"]{font-size:45px;}}@media all and (max-width: 767px){.wp-block-kadence-advancedheading.kt-adv-heading1381_9d7438-39, .wp-block-kadence-advancedheading.kt-adv-heading1381_9d7438-39[data-kb-block=\"kb-adv-heading1381_9d7438-39\"]{font-size:35px;}}<\/style>\n<h1 class=\"kt-adv-heading1381_9d7438-39 wp-block-kadence-advancedheading\" data-kb-block=\"kb-adv-heading1381_9d7438-39\">Boende<\/h1>\n<\/div><\/div>\n\n<\/div><\/div>\n\n<style>.kb-row-layout-wrap.wp-block-kadence-rowlayout.kb-row-layout-id1381_c3510b-b1{margin-top:0px;margin-bottom:0px;}.kb-row-layout-id1381_c3510b-b1 > .kt-row-column-wrap{align-content:start;}:where(.kb-row-layout-id1381_c3510b-b1 > .kt-row-column-wrap) > .wp-block-kadence-column{justify-content:start;}.kb-row-layout-id1381_c3510b-b1 > .kt-row-column-wrap{column-gap:var(--global-kb-gap-md, 2rem);row-gap:var(--global-kb-gap-md, 2rem);max-width:var( --global-content-width, 1290px );padding-left:var(--global-content-edge-padding);padding-right:var(--global-content-edge-padding);padding-top:90px;padding-bottom:90px;grid-template-columns:minmax(0, 1fr);}.kb-row-layout-id1381_c3510b-b1 > .kt-row-layout-overlay{opacity:0.03;background-image:url('http:\/\/media1.riggenkalmar.se\/2020\/10\/bg_new.png');background-size:auto;background-position:0% 3%;background-attachment:scroll;background-repeat:repeat;}.kb-row-layout-id1381_c3510b-b1 .kt-row-layout-bottom-sep{height:100px;}.kb-row-layout-id1381_c3510b-b1 .kt-row-layout-bottom-sep svg{width:100%;}.kb-row-layout-id1381_c3510b-b1 .kt-row-layout-bottom-sep svg{fill:#ffffff!important;}@media all and (max-width: 1024px){.kb-row-layout-id1381_c3510b-b1 > .kt-row-column-wrap{grid-template-columns:minmax(0, 1fr);}}@media all and (max-width: 1024px){.kb-row-layout-id1381_c3510b-b1 .kt-row-layout-bottom-sep{height:px;}}@media all and (max-width: 1024px){.kb-row-layout-id1381_c3510b-b1 .kt-row-layout-bottom-sep svg{width:%;}}@media all and (max-width: 767px){.kb-row-layout-id1381_c3510b-b1 > .kt-row-column-wrap{padding-top:50px;padding-bottom:50px;grid-template-columns:minmax(0, 1fr);}.kb-row-layout-id1381_c3510b-b1 .kt-row-layout-bottom-sep{height:px;}.kb-row-layout-id1381_c3510b-b1 .kt-row-layout-bottom-sep svg{width:%;}}<\/style><div class=\"kb-row-layout-wrap kb-row-layout-id1381_c3510b-b1 alignnone has-theme-palette8-background-color kt-row-has-bg wp-block-kadence-rowlayout\"><div class=\"kt-row-layout-overlay kt-row-overlay-normal\"><\/div><div class=\"kt-row-column-wrap kt-has-1-columns kt-row-layout-equal kt-tab-layout-inherit kt-mobile-layout-row kt-row-valign-top kb-theme-content-width\">\n<style>.kadence-column1381_3b37a5-05 > .kt-inside-inner-col,.kadence-column1381_3b37a5-05 > .kt-inside-inner-col:before{border-top-left-radius:0px;border-top-right-radius:0px;border-bottom-right-radius:0px;border-bottom-left-radius:0px;}.kadence-column1381_3b37a5-05 > .kt-inside-inner-col{column-gap:var(--global-kb-gap-sm, 1rem);}.kadence-column1381_3b37a5-05 > .kt-inside-inner-col{flex-direction:column;}.kadence-column1381_3b37a5-05 > .kt-inside-inner-col > .aligncenter{width:100%;}.kadence-column1381_3b37a5-05 > .kt-inside-inner-col:before{opacity:0.3;}.kadence-column1381_3b37a5-05{position:relative;}@media all and (max-width: 1024px){.kadence-column1381_3b37a5-05 > .kt-inside-inner-col{flex-direction:column;justify-content:center;}}@media all and (max-width: 767px){.kadence-column1381_3b37a5-05 > .kt-inside-inner-col{flex-direction:column;justify-content:center;}}<\/style>\n<div class=\"wp-block-kadence-column kadence-column1381_3b37a5-05 inner-column-1\"><div class=\"kt-inside-inner-col\"><style>.wp-block-kadence-advancedheading.kt-adv-heading1381_4b2077-e0, .wp-block-kadence-advancedheading.kt-adv-heading1381_4b2077-e0[data-kb-block=\"kb-adv-heading1381_4b2077-e0\"]{font-size:14px;font-weight:400;font-style:normal;}.wp-block-kadence-advancedheading.kt-adv-heading1381_4b2077-e0 mark.kt-highlight, .wp-block-kadence-advancedheading.kt-adv-heading1381_4b2077-e0[data-kb-block=\"kb-adv-heading1381_4b2077-e0\"] mark.kt-highlight{font-style:normal;color:#f76a0c;-webkit-box-decoration-break:clone;box-decoration-break:clone;padding-top:0px;padding-right:0px;padding-bottom:0px;padding-left:0px;}.wp-block-kadence-advancedheading.kt-adv-heading1381_4b2077-e0 img.kb-inline-image, .wp-block-kadence-advancedheading.kt-adv-heading1381_4b2077-e0[data-kb-block=\"kb-adv-heading1381_4b2077-e0\"] img.kb-inline-image{width:150px;vertical-align:baseline;}<\/style>\n<h6 class=\"kt-adv-heading1381_4b2077-e0 wp-block-kadence-advancedheading has-theme-palette-1-color has-text-color\" data-kb-block=\"kb-adv-heading1381_4b2077-e0\">Vi hj\u00e4lper dig g\u00e4rna<\/h6>\n\n\n<style>.wp-block-kadence-advancedheading.kt-adv-heading1381_605de1-ca, .wp-block-kadence-advancedheading.kt-adv-heading1381_605de1-ca[data-kb-block=\"kb-adv-heading1381_605de1-ca\"]{font-size:60px;font-style:normal;}.wp-block-kadence-advancedheading.kt-adv-heading1381_605de1-ca mark.kt-highlight, .wp-block-kadence-advancedheading.kt-adv-heading1381_605de1-ca[data-kb-block=\"kb-adv-heading1381_605de1-ca\"] mark.kt-highlight{font-style:normal;color:#f76a0c;-webkit-box-decoration-break:clone;box-decoration-break:clone;padding-top:0px;padding-right:0px;padding-bottom:0px;padding-left:0px;}.wp-block-kadence-advancedheading.kt-adv-heading1381_605de1-ca img.kb-inline-image, .wp-block-kadence-advancedheading.kt-adv-heading1381_605de1-ca[data-kb-block=\"kb-adv-heading1381_605de1-ca\"] img.kb-inline-image{width:150px;vertical-align:baseline;}@media all and (max-width: 1024px){.wp-block-kadence-advancedheading.kt-adv-heading1381_605de1-ca, .wp-block-kadence-advancedheading.kt-adv-heading1381_605de1-ca[data-kb-block=\"kb-adv-heading1381_605de1-ca\"]{font-size:40px;}}@media all and (max-width: 767px){.wp-block-kadence-advancedheading.kt-adv-heading1381_605de1-ca, .wp-block-kadence-advancedheading.kt-adv-heading1381_605de1-ca[data-kb-block=\"kb-adv-heading1381_605de1-ca\"]{font-size:40px;}}<\/style>\n<h2 class=\"kt-adv-heading1381_605de1-ca wp-block-kadence-advancedheading\" data-kb-block=\"kb-adv-heading1381_605de1-ca\">Vilken information<br>s\u00f6ker du?<\/h2>\n\n\n\n<p><a href=\"http:\/\/www.riggenkalmar.se\/?page_id=1533\">Felanm\u00e4lan<\/a><\/p>\n\n\n\n<p><a href=\"http:\/\/www.riggenkalmar.se\/?page_id=1662\">Trivselregler<\/a><\/p>\n\n\n\n<p><a href=\"http:\/\/www.riggenkalmar.se\/?page_id=1686\">Uthyrning<\/a><\/p>\n<\/div><\/div>\n\n<\/div><\/div>\n\n\n<p><\/p>\n","protected":false},"excerpt":{"rendered":"<p>Boende Vi hj\u00e4lper dig g\u00e4rna Vilken informations\u00f6ker du? Felanm\u00e4lan Trivselregler Uthyrning<\/p>\n","protected":false},"author":1,"featured_media":1575,"parent":0,"menu_order":0,"comment_status":"closed","ping_status":"closed","template":"","meta":{"_kadence_starter_templates_imported_post":true,"_kad_post_transparent":"enable","_kad_post_title":"hide","_kad_post_layout":"fullwidth","_kad_post_sidebar_id":"","_kad_post_content_style":"unboxed","_kad_post_vertical_padding":"","_kad_post_feature":"","_kad_post_feature_position":"","_kad_post_header":false,"_kad_post_footer":false,"_kad_post_classname":"","footnotes":""},"class_list":["post-1381","page","type-page","status-publish","has-post-thumbnail","hentry"],"_links":{"self":[{"href":"https:\/\/www.riggenkalmar.se\/index.php?rest_route=\/wp\/v2\/pages\/1381","targetHints":{"allow":["GET"]}}],"collection":[{"href":"https:\/\/www.riggenkalmar.se\/index.php?rest_route=\/wp\/v2\/pages"}],"about":[{"href":"https:\/\/www.riggenkalmar.se\/index.php?rest_route=\/wp\/v2\/types\/page"}],"author":[{"embeddable":true,"href":"https:\/\/www.riggenkalmar.se\/index.php?rest_route=\/wp\/v2\/users\/1"}],"replies":[{"embeddable":true,"href":"https:\/\/www.riggenkalmar.se\/index.php?rest_route=%2Fwp%2Fv2%2Fcomments&post=1381"}],"version-history":[{"count":13,"href":"https:\/\/www.riggenkalmar.se\/index.php?rest_route=\/wp\/v2\/pages\/1381\/revisions"}],"predecessor-version":[{"id":1920,"href":"https:\/\/www.riggenkalmar.se\/index.php?rest_route=\/wp\/v2\/pages\/1381\/revisions\/1920"}],"wp:featuredmedia":[{"embeddable":true,"href":"https:\/\/www.riggenkalmar.se\/index.php?rest_route=\/wp\/v2\/media\/1575"}],"wp:attachment":[{"href":"https:\/\/www.riggenkalmar.se\/index.php?rest_route=%2Fwp%2Fv2%2Fmedia&parent=1381"}],"curies":[{"name":"wp","href":"https:\/\/api.w.org\/{rel}","templated":true}]}}